{"id":16,"date":"2018-06-27T19:35:46","date_gmt":"2018-06-27T19:35:46","guid":{"rendered":"http:\/\/www.kepadreradio.com\/contenido\/?page_id=16"},"modified":"2020-04-23T20:00:35","modified_gmt":"2020-04-23T20:00:35","slug":"alex-el-genio-lucas","status":"publish","type":"page","link":"https:\/\/www.kepadreradio.com\/contenido\/alex-el-genio-lucas\/","title":{"rendered":"Alex El Genio Lucas"},"content":{"rendered":"<div id='layer_slider_1'  class='avia-layerslider main_color avia-shadow  avia-builder-el-0  el_before_av_one_full  avia-builder-el-first  container_wrap sidebar_right'  style='height: 301px;'  ><\/div><div id='after_layer_slider_1'  class='main_color av_default_container_wrap container_wrap sidebar_right'  ><div class='container av-section-cont-open' ><div class='template-page content  av-content-small alpha units'><div class='post-entry post-entry-type-page post-entry-16'><div class='entry-content-wrapper clearfix'>\n\n<style type=\"text\/css\" data-created_by=\"avia_inline_auto\" id=\"style-css-av-av_one_full-6126cab7d8fab8d08143dd2dacdf673c\">\n.flex_column.av-av_one_full-6126cab7d8fab8d08143dd2dacdf673c{\n-webkit-border-radius:0px 0px 0px 0px;\n-moz-border-radius:0px 0px 0px 0px;\nborder-radius:0px 0px 0px 0px;\npadding:0px 0px 0px 0px;\n}\n<\/style>\n<div class='flex_column av-av_one_full-6126cab7d8fab8d08143dd2dacdf673c av_one_full  avia-builder-el-1  el_after_av_layerslider  el_before_av_one_full  avia-builder-el-first  first flex_column_div av-zero-column-padding '     ><section  class='av_textblock_section av-av_textblock-0366cc7376be6c9e82a3e9cc8987b64f'  itemscope=\"itemscope\" itemtype=\"https:\/\/schema.org\/CreativeWork\" ><div class='avia_textblock'  itemprop=\"text\" ><p>Alex Lucas, hijo de Guadalupe Lucas, vi\u00f3 la luz por primera vez en el estado de Guerrero el 17 de julio bajo el signo de C\u00e1ncer. Que seg\u00fan su signo es alguien sensible y amoroso sobre todo hacia las personas que quiere y cuida mucho. \u00a0Quienes lo conocen de cerca saben que as\u00ed es.<\/p>\n<p>Su abuela Sixta Lucas lo lleva a la Ciudad de M\u00e9xico cuando era un beb\u00e9 y ah\u00ed es donde conoce lo que es ganarse el dinero honradamente.\u00a0 A los 7 a\u00f1os obtiene su primer trabajo donde recibe como paga 5 pesos diarios en una tienda de abarrotes en el mercado Villa Coapa con el Se\u00f1or Salvador. Ah\u00ed comienza un largo recorrido en varios trabajos donde fue juguero, carnicero, pescadero, pollero, empacador en un supermercado, bolero de zapatos en una peluquer\u00eda y por \u00faltimo hielero. Con el orgullo que nunca fue despedido de ning\u00fan trabajo, r\u00e9cord y orgullo qu\u00e9 mantiene hasta el d\u00eda de hoy.<\/p>\n<p>Fue en el a\u00f1o de 1986 cuando su primo Amador lo trae a Estados Unidos a buscar el sue\u00f1o americano tardando mes y medio en Tijuana intentando cruzar al pa\u00eds vecino y una madrugada de julio lo logr\u00f3.<\/p>\n<p>Lleg\u00f3 a Santa B\u00e1rbara California donde trabajo de lavaplatos, jardinero y cocinero. \u00a0Estando en la cocina fue donde nace la idea de ser locutor. \u00a0Alex siempre llevaba un radio cuando trabajaba y un d\u00eda escuch\u00f3 un comercial que dec\u00eda &#8220;\u00bfte gustar\u00eda conocer a los artistas que escuchas en la radio? \u00bfSer famoso y ganar mucho dinero?&#8221;\u00a0 llama a la escuela Internacional de Locutores e inscr\u00edbete. \u00a0As\u00ed lo hizo consiguiendo su diploma y primer trabajo en diciembre de 1988, gracias a su maestro Elio G\u00f3mez que siempre le tuvo mucha fe.<\/p>\n<p>Despu\u00e9s de terminar la escuela llega a Radio Tigre una estaci\u00f3n de radio en Salinas, California. Gracias a una oportunidad que le dio su gran maestro Gregorio Esquivel QEPD y sus due\u00f1os en ese tiempo Carlos Moncada y Hector Villalobos. Siempre agradecido con ellos, sobretodo con Carlos Moncada, qui\u00e9n siempre vio en Alex algo m\u00e1s que en el resto de los locutores. No por nada el se\u00f1or Moncada es el encargado del show m\u00e1s popular en M\u00e9xico y Estados Unidos el de Alex \u201cEl Genio\u201d Lucas, el show que ha cambiado vidas y tocado corazones cada ma\u00f1ana d\u00f3nde siempre cierra su programa con una frase positiva como: \u201cEs bueno ser grande, pero es m\u00e1s grande\u00a0ser bueno&#8221; As\u00ed es Alex \u201cEl Genio\u201d Lucas.<\/p>\n<p>Un d\u00eda lo entrevistaron y le preguntaron si ya hab\u00eda logrado todo lo prometido en el comercial de radio de la escuela que escuch\u00f3 y dijo: ya conoc\u00ed a muchos artistas, creo ser un poco Famoso, pero el dinero a ver cuando llega jajaja.<\/p>\n<\/div><\/section><\/div>\n\n<style type=\"text\/css\" data-created_by=\"avia_inline_auto\" id=\"style-css-av-av_one_full-6126cab7d8fab8d08143dd2dacdf673c\">\n.flex_column.av-av_one_full-6126cab7d8fab8d08143dd2dacdf673c{\n-webkit-border-radius:0px 0px 0px 0px;\n-moz-border-radius:0px 0px 0px 0px;\nborder-radius:0px 0px 0px 0px;\npadding:0px 0px 0px 0px;\n}\n<\/style>\n<div class='flex_column av-av_one_full-6126cab7d8fab8d08143dd2dacdf673c av_one_full  avia-builder-el-3  el_after_av_one_full  avia-builder-el-last  first flex_column_div av-zero-column-padding column-top-margin'     ><p>\n<style type=\"text\/css\" data-created_by=\"avia_inline_auto\" id=\"style-css-av-av_heading-45a371ecff3ab0294e402eee293dfb0d\">\n#top .av-special-heading.av-av_heading-45a371ecff3ab0294e402eee293dfb0d{\npadding-bottom:10px;\n}\nbody .av-special-heading.av-av_heading-45a371ecff3ab0294e402eee293dfb0d .av-special-heading-tag .heading-char{\nfont-size:25px;\n}\n.av-special-heading.av-av_heading-45a371ecff3ab0294e402eee293dfb0d .av-subheading{\nfont-size:15px;\n}\n<\/style>\n<div  class='av-special-heading av-av_heading-45a371ecff3ab0294e402eee293dfb0d av-special-heading-h3 blockquote modern-quote modern-centered  avia-builder-el-4  el_before_av_textblock  avia-builder-el-first '><h3 class='av-special-heading-tag'  itemprop=\"headline\"  >Lista de Afiliadas<\/h3><div class=\"special-heading-border\"><div class=\"special-heading-inner-border\"><\/div><\/div><\/div><br \/>\n<section  class='av_textblock_section av-av_textblock-0366cc7376be6c9e82a3e9cc8987b64f'  itemscope=\"itemscope\" itemtype=\"https:\/\/schema.org\/CreativeWork\" ><div class='avia_textblock'  itemprop=\"text\" ><div id=\"footable_parent_176\"\n         class=\" footable_parent ninja_table_wrapper loading_ninja_table wp_table_data_press_parent semantic_ui \">\n                <table data-ninja_table_instance=\"ninja_table_instance_0\" data-footable_id=\"176\" data-filter-delay=\"1000\" aria-label=\"Afiliadas-Kepadre.com-Alex - Hoja 1.csv\"            id=\"footable_176\"\n           data-unique_identifier=\"ninja_table_unique_id_1992275501_176\"\n           class=\" foo-table ninja_footable foo_table_176 ninja_table_unique_id_1992275501_176 ui table  nt_type_ajax_table selectable striped vertical_centered  footable-paging-right\">\n                <colgroup>\n                            <col class=\"ninja_column_0 \">\n                            <col class=\"ninja_column_1 \">\n                            <col class=\"ninja_column_2 \">\n                            <col class=\"ninja_column_3 \">\n                    <\/colgroup>\n            <\/table>\n                    <style type=\"text\/css\" id='ninja_table_custom_css_176'>\n                        #footable_176  {\n    font-family: ;\n    font-size: px;\n    }\n\n    \n                <\/style>\n                \n    \n    \n<\/div>\n\n<\/div><\/section><\/p><\/div>\n","protected":false},"excerpt":{"rendered":"","protected":false},"author":1,"featured_media":0,"parent":0,"menu_order":0,"comment_status":"closed","ping_status":"closed","template":"","meta":{"footnotes":""},"class_list":["post-16","page","type-page","status-publish","hentry"],"_links":{"self":[{"href":"https:\/\/www.kepadreradio.com\/contenido\/wp-json\/wp\/v2\/pages\/16"}],"collection":[{"href":"https:\/\/www.kepadreradio.com\/contenido\/wp-json\/wp\/v2\/pages"}],"about":[{"href":"https:\/\/www.kepadreradio.com\/contenido\/wp-json\/wp\/v2\/types\/page"}],"author":[{"embeddable":true,"href":"https:\/\/www.kepadreradio.com\/contenido\/wp-json\/wp\/v2\/users\/1"}],"replies":[{"embeddable":true,"href":"https:\/\/www.kepadreradio.com\/contenido\/wp-json\/wp\/v2\/comments?post=16"}],"version-history":[{"count":17,"href":"https:\/\/www.kepadreradio.com\/contenido\/wp-json\/wp\/v2\/pages\/16\/revisions"}],"predecessor-version":[{"id":178,"href":"https:\/\/www.kepadreradio.com\/contenido\/wp-json\/wp\/v2\/pages\/16\/revisions\/178"}],"wp:attachment":[{"href":"https:\/\/www.kepadreradio.com\/contenido\/wp-json\/wp\/v2\/media?parent=16"}],"curies":[{"name":"wp","href":"https:\/\/api.w.org\/{rel}","templated":true}]}}